
44281
In base 5, what is 32323430031 + -11?
32323430020
In base 7, what is -1022 - -4301511?
4300456
In base 2, what is 1100000111000000111010110 - -10?
1100000111000000111011000
In base 5, what is 4 - -40414401?
40414410
In base 8, what is 504613 + 301?
505114
In base 6, what is 12341040014 + 4?
12341040022
In base 7, what is -155 + 23565154?
23564666
In base 12, what is 4 + -69781b47?
-69781b43
In base 4, what is 11 + 100132203113?
100132203130
In base 10, what is 848 - 529727?
-528879
In base 3, what is 2001111012 + 12122111?
2021010200
In base 10, what is 1030 - 140198?
-139168
In base 3, what is -10011120111211 - 110?
-10011120112021
In base 9, what is -17861 + 61?
-17800
In base 5, what is 22 + 10243014314?
10243014341
In base 16, what is -1 - -6d53f71?
6d53f70
In base 11, what is 3a - -592a6?
59335
In base 8, what is -20 - -112517743?
112517723
In base 5, what is 11102024 - 2210?
11044314
In base 14, what is -4ad4 - 84c?
-5542
In base 9, what is -2576231686 + 2?
-2576231684
In base 4, what is -2132130021 + 21320?
-2132102101
In base 2, what is 110100000010101100101101010 + 101?
110100000010101100101101111
In base 14, what is 0 + 94b0d69?
94b0d69
In base 16, what is -16f32 + a4?
-16e8e
In base 5, what is -204 - 233240?
-233444
In base 5, what is -1 - -112314131?
112314130
In base 5, what is 241022 + -110323?
130144
In base 10, what is 206 + 17456?
17662
In base 15, what is 5bc5c + 9b?
5bd08
In base 8, what is 104 + 10453243?
10453347
In base 7, what is -131230 - -33530?
-64400
In base 16, what is -1c - 328f5?
-32911
In base 9, what is 214 - -1046743?
1047057
In base 13, what is 121c7 - -91?
12288
In base 16, what is e3c4722 - 3?
e3c471f
In base 10, what is -107 + -226589?
-226696
In base 14, what is 33ad2209 - -3?
33ad220c
In base 10, what is 6161 + -5497?
664
In base 8, what is -721 - -331633?
330712
In base 5, what is -4 - -31013024003?
31013023444
In base 7, what is -42422511 + 2?
-42422506
In base 12, what is -9a - -16ba88?
16b9aa
In base 4, what is 202213 - 111033222?
-110231003
In base 11, what is 1109 - -145a2?
15700
In base 2, what is -101101100001010011111001 + 11?
-101101100001010011110110
In base 10, what is -57 + -91525?
-91582
In base 9, what is -1 + 211212?
211211
In base 6, what is 4024514 + -1314?
4023200
In base 14, what is -187 - 3256a?
-32713
In base 16, what is -13e4cf7 - -4?
-13e4cf3
In base 12, what is 0 + -119ab773?
-119ab773
In base 12, what is 31a0047b + -5?
31a00476
In base 15, what is -a6ee + 22e?
-a4c0
In base 2, what is -10010001101010010101010 + 11?
-10010001101010010100111
In base 5, what is 34112 + 441024?
1030141
In base 3, what is -10022221022221011 - -100?
-10022221022220211
In base 12, what is -1250907 + 1?
-1250906
In base 14, what is 13225 + -4bc?
12b47
In base 6, what is -3254 - 204420?
-212114
In base 13, what is -69c07636 + -3?
-69c07639
In base 12, what is -3 + 893052?
89304b
In base 16, what is -13 - -34dc77?
34dc64
In base 9, what is 46202 + 3040?
50242
In base 12, what is -5 - -986842b?
9868426
In base 3, what is -21111001220202 + -10?
-21111001220212
In base 10, what is 13 - 1500197?
-1500184
In base 3, what is 1220212 + -200012122?
-121021210
In base 2, what is -1010011101100010 - -11110011?
-1010011001101111
In base 12, what is 117819 + 220?
117a39
In base 5, what is 421 + -33033004?
-33032033
In base 4, what is 310 - -12131311212?
12131312122
In base 2, what is -10111100100011111 - -110101?
-10111100011101010
In base 3, what is 111 + 212020220002?
212020220120
In base 11, what is -17468 + -251?
-17709
In base 13, what is -34816c + -2c?
-34819b
In base 14, what is a7a38d + -a?
a7a383
In base 16, what is 22f3f - 364?
22bdb
In base 4, what is 31120003300 + -11?
31120003223
In base 3, what is -1000000020 + 12120?
-222210200
In base 3, what is 12201 + -101021110212?
-101021021011
In base 14, what is -d4c219 + 0?
-d4c219
In base 16, what is 2 + 12f07d2?
12f07d4
In base 5, what is 33211022333 + 14?
33211022402
In base 9, what is -187655 - 444?
-188210
In base 9, what is 272 - -1573723?
1574105
In base 11, what is 15610 + 1657?
17167
In base 14, what is -63a7 - 0?
-63a7
In base 8, what is 363010402 - 1?
363010401
In base 10, what is -32 - -227488?
227456
In base 15, what is -34 + 9592?
955d
In base 16, what is -d - e9a92?
-e9a9f
In base 16, what is -9c1 - c538?
-cef9
In base 12, what is -60ab03 - 8?
-60ab0b
In base 12, what is b66b605 + -3?
b66b602
In base 15, what is 1b4e - 6d91?
-5242
In base 10, what is -308733 - -1109?
-307624
In base 11, what is -183710 - 14?
-183724
In base 12, what is 14434 + -4006?
1042a
In base 12, what is -54 - 3785?
-3819
In base 14, what is -3 - 1a6976a?
-1a6976d
In base 3, what is 11010110110011101 - 12?
11010110110011012
In base 14, what is 18502 - -180?
18682
In base 3, what is -222102002200111 + 0?
-222102002200111
In base 10, what is 3 + 7945438?
7945441
In base 2, what is 1001011 + -1111100010101111110?
-1111100010100110011
In base 13, what is -4600 + 3181?
-144c
In base 4, what is -10 - 21203333023321?
-21203333023331
In base 8, what is -363535012 + 2?
-363535010
In base 7, what is 2 + -1564216562?
-1564216560
In base 13, what is -104 - 7cc0?
-80c4
In base 6, what is -11 + 454320123?
454320112
In base 8, what is -1033 + -222745?
-224000
In base 2, what is -1 + -1010101100000101010100?
-1010101100000101010101
In base 3, what is -20000220022220 + -2?
-20000220022222
In base 7, what is 361212124 + -4?
361212120
In base 11, what is 629549 - -10?
629559
In base 4, what is -11122122310 + 12?
-11122122232
In base 14, what is 5058 - 4c3?
4975
In base 16, what is -9 + -7577f?
-75788
In base 10, what is 182678 - -52?
182730
In base 3, what is -102220102 - -1020211002?
210220200
In base 14, what is 14d - -43992?
43b01
In base 15, what is -e0 + -86c3?
-87b3
In base 16, what is -3fcad6a - -4?
-3fcad66
In base 4, what is -10131 + -31013?
-101210
In base 12, what is 95551 - -216b?
97700
In base 12, what is 5109577 - -1?
5109578
In base 5, what is -32003242301 - -111?
-32003242140
In base 5, what is 11201 - -12304232?
12320433
In base 15, what is 3045d3a - 0?
3045d3a
In base 14, what is 173 - -4a268?
4a3db
In base 11, what is -1 - -3321291?
3321290
In base 16, what is -249205 - -17?
-2491ee
In base 2, what is -1111 - 1001110100011000110101011?
-1001110100011000110111010
In base 15, what is da - -54e6?
55d1
In base 5, what is 100340 + 4004344?
4110234
In base 16, what is -28 + -3044b?
-30473
In base 9, what is 433383 + -1707?
431575
In base 5, what is -13414 + -1443221?
-2012140
In base 3, what is -2000122 + 21001112?
12000220
In base 8, what is 1642560571 - 5?
1642560564
In base 11, what is 0 + 164242?
164242
In base 16, what is e4 - 262526?
-262442
In base 11, what is -4724531 + -2?
-4724533
In base 6, what is -305440 - -2455?
-302541
In base 8, what is -704612 - 24?
-704636
In base 4, what is -1122312000323 + -10?
-1122312000333
In base 14, what is -c4 - -26640?
2655a
In base 4, what is 1010021230212 - 3?
1010021230203
In base 15, what is -17be600 - d?
-17be60d
In base 11, what is -13005019 - -1?
-13005018
In base 12, what is -a4786 + 621?
-a4165
In base 3, what is -2122100101002 - 1210?
-2122100102212
In base 2, what is -100101000110001110100001100 + 1?
-100101000110001110100001011
In base 8, what is 114656 + 1633?
116511
In base 11, what is 84646 - 43?
84603
In base 9, what is 145877745 - 3?
145877742
In base 16, what is 3ae - -1bd2?
1f80
In base 2, what is 1101000111110001100 + -111100?
1101000111101010000
In base 5, what is 43234011 - 24?
43233432
In base 6, what is -31 - 2205143153?
-2205143224
In base 13, what is 43167b - -4?
431682
In base 5, what is -23120412113 - -2?
-23120412111
In base 13, what is 362 + -65524?
-65192
In base 6, what is -1 + -2403324014?
-2403324015
In base 16, what is 13f5b - -64?
13fbf
In base 15, what is -c - -2510ac?
2510a0
In base 11, what is -5 + -39280a9?
-3928103
In base 10, what is 584049371 + -5?
584049366
In base 5, what is -121424304012 + -4?
-121424304021
In base 8, what is -13626 - 65?
-13713
In base 8, what is 7060 + 112422?
121502
In base 4, what is -1120221110 + 20?
-1120221030
In base 2, what is 100001100101000111 + 110111111?
100001101100000110
In base 5, what is -1033330223 - -1?
-1033330222
In base 5, what is 221144442 + 